{"id":348,"date":"2024-02-09T17:55:46","date_gmt":"2024-02-09T16:55:46","guid":{"rendered":"https:\/\/xbatacademy.com\/?page_id=348"},"modified":"2024-02-09T17:56:35","modified_gmt":"2024-02-09T16:56:35","slug":"seguridad-proteccion-a-compradores","status":"publish","type":"page","link":"https:\/\/xbatacademy.com\/index.php\/seguridad-proteccion-a-compradores\/","title":{"rendered":"Seguridad Protecci\u00f3n a Compradores"},"content":{"rendered":"<p>[et_pb_section fb_built=\u00bb1&#8243; _builder_version=\u00bb4.23.1&#8243; _module_preset=\u00bbdefault\u00bb global_colors_info=\u00bb{}\u00bb theme_builder_area=\u00bbpost_content\u00bb][et_pb_row _builder_version=\u00bb4.23.1&#8243; _module_preset=\u00bbdefault\u00bb global_colors_info=\u00bb{}\u00bb theme_builder_area=\u00bbpost_content\u00bb][et_pb_column type=\u00bb4_4&#8243; _builder_version=\u00bb4.23.1&#8243; _module_preset=\u00bbdefault\u00bb global_colors_info=\u00bb{}\u00bb theme_builder_area=\u00bbpost_content\u00bb][et_pb_text _builder_version=\u00bb4.23.1&#8243; _module_preset=\u00bbdefault\u00bb global_colors_info=\u00bb{}\u00bb theme_builder_area=\u00bbpost_content\u00bb]<\/p>\n<p style=\"font-weight: 400;\"><strong>Introducci\u00f3n:<\/strong><\/p>\n<p style=\"font-weight: 400;\">Esta Pol\u00edtica de Cookies describe c\u00f3mo XBAT Academy utiliza cookies y tecnolog\u00edas similares en su sitio web. Al utilizar nuestro sitio web, usted acepta el uso de cookies seg\u00fan lo establecido en esta pol\u00edtica.<\/p>\n<p style=\"font-weight: 400;\"><strong>\u00bfQu\u00e9 son las cookies?<\/strong><\/p>\n<p style=\"font-weight: 400;\">Las cookies son peque\u00f1os archivos de texto que se almacenan en su dispositivo cuando visita un sitio web. Estos archivos permiten que el sitio web reconozca su dispositivo y recuerde informaci\u00f3n sobre su visita, como preferencias y ajustes. Las cookies tambi\u00e9n facilitan la recopilaci\u00f3n de datos estad\u00edsticos sobre la navegaci\u00f3n en nuestro sitio web.<\/p>\n<p style=\"font-weight: 400;\"><strong>\u00bfC\u00f3mo utilizamos las cookies?<\/strong><\/p>\n<p style=\"font-weight: 400;\"><strong>Utilizamos cookies para los siguientes prop\u00f3sitos:<\/strong><\/p>\n<ul>\n<li style=\"font-weight: 400;\">Mejora de la Experiencia del Usuario.<\/li>\n<li style=\"font-weight: 400;\">An\u00e1lisis y Estad\u00edsticas.<\/li>\n<li style=\"font-weight: 400;\">Publicidad Personalizada.<\/li>\n<\/ul>\n<p style=\"font-weight: 400;\"><strong>Tipos de Cookies Utilizadas:<\/strong><\/p>\n<p style=\"font-weight: 400;\"><strong>Cookies Estrictamente Necesarias:<\/strong><\/p>\n<p style=\"font-weight: 400;\">Necesarias para el funcionamiento b\u00e1sico del sitio web.<\/p>\n<p style=\"font-weight: 400;\">No pueden ser desactivadas en nuestros sistemas.<\/p>\n<p style=\"font-weight: 400;\"><strong>Cookies de Funcionalidad:<\/strong><\/p>\n<p style=\"font-weight: 400;\">Mejoran la funcionalidad del sitio web y la experiencia del usuario.<\/p>\n<p style=\"font-weight: 400;\"><strong>Cookies de Rendimiento y An\u00e1lisis:<\/strong><\/p>\n<p style=\"font-weight: 400;\">Nos permiten analizar patrones de tr\u00e1fico en el sitio web.<\/p>\n<p style=\"font-weight: 400;\">Ayudan a mejorar el rendimiento y la eficiencia del sitio.<\/p>\n<p style=\"font-weight: 400;\"><strong>Control de Cookies:<\/strong><\/p>\n<p style=\"font-weight: 400;\">Puede gestionar sus preferencias de cookies a trav\u00e9s de la configuraci\u00f3n de su navegador. Tenga en cuenta que desactivar ciertas cookies puede afectar la funcionalidad de nuestro sitio web.<\/p>\n<p style=\"font-weight: 400;\"><strong>Cambios en la Pol\u00edtica de Cookies:<\/strong><\/p>\n<p style=\"font-weight: 400;\"><strong>Nos reservamos el derecho de actualizar esta pol\u00edtica para reflejar cambios en nuestras pr\u00e1cticas de cookies. Le recomendamos revisar peri\u00f3dicamente esta p\u00e1gina para estar informado sobre cualquier actualizaci\u00f3n.<\/strong><\/p>\n<p style=\"font-weight: 400;\">\n<p style=\"font-weight: 400;\"><strong>Contacto:<\/strong><\/p>\n<p style=\"font-weight: 400;\">\n<p style=\"font-weight: 400;\">Si tiene preguntas o inquietudes sobre nuestra pol\u00edtica de cookies, no dude en ponerse en contacto con nosotros a trav\u00e9s de <a href=\"mailto:info@xbatacademy.com\">info@xbatacademy.com<\/a>.<\/p>\n<p style=\"font-weight: 400;\">\n<p style=\"font-weight: 400;\">Esta pol\u00edtica de cookies entra en vigor a partir del 9 de febrero del 2024.<\/p>\n<p style=\"font-weight: 400;\">\n<p><strong>XBAT Academy S.L.<\/strong><\/p>\n<ul>\n<li>NIF: B56705460<\/li>\n<li>Domicilio Social: C\/Riera Sant Jordi N37 Bajos 1 <br \/>(08390, Montgat, Barcelona)<\/li>\n<li>Telf: 604961841<strong><\/strong><\/li>\n<li>Correo electr\u00f3nico: <a href=\"mailto:info@xbatacademy.com\">info@xbatacademy.com<\/a><\/li>\n<\/ul>\n<p>[\/et_pb_text][\/et_pb_column][\/et_pb_row][\/et_pb_section]<\/p>\n","protected":false},"excerpt":{"rendered":"<p>Introducci\u00f3n: Esta Pol\u00edtica de Cookies describe c\u00f3mo XBAT Academy utiliza cookies y tecnolog\u00edas similares en su sitio web. Al utilizar nuestro sitio web, usted acepta el uso de cookies seg\u00fan lo establecido en esta pol\u00edtica. \u00bfQu\u00e9 son las cookies? Las cookies son peque\u00f1os archivos de texto que se almacenan en su dispositivo cuando visita un [&hellip;]<\/p>\n","protected":false},"author":2,"featured_media":0,"parent":0,"menu_order":0,"comment_status":"closed","ping_status":"closed","template":"","meta":{"_et_pb_use_builder":"on","_et_pb_old_content":"","_et_gb_content_width":"","footnotes":""},"jetpack_sharing_enabled":true,"_links":{"self":[{"href":"https:\/\/xbatacademy.com\/index.php\/wp-json\/wp\/v2\/pages\/348"}],"collection":[{"href":"https:\/\/xbatacademy.com\/index.php\/wp-json\/wp\/v2\/pages"}],"about":[{"href":"https:\/\/xbatacademy.com\/index.php\/wp-json\/wp\/v2\/types\/page"}],"author":[{"embeddable":true,"href":"https:\/\/xbatacademy.com\/index.php\/wp-json\/wp\/v2\/users\/2"}],"replies":[{"embeddable":true,"href":"https:\/\/xbatacademy.com\/index.php\/wp-json\/wp\/v2\/comments?post=348"}],"version-history":[{"count":3,"href":"https:\/\/xbatacademy.com\/index.php\/wp-json\/wp\/v2\/pages\/348\/revisions"}],"predecessor-version":[{"id":353,"href":"https:\/\/xbatacademy.com\/index.php\/wp-json\/wp\/v2\/pages\/348\/revisions\/353"}],"wp:attachment":[{"href":"https:\/\/xbatacademy.com\/index.php\/wp-json\/wp\/v2\/media?parent=348"}],"curies":[{"name":"wp","href":"https:\/\/api.w.org\/{rel}","templated":true}]}}